{"id":514,"date":"2019-09-24T16:47:17","date_gmt":"2019-09-24T21:47:17","guid":{"rendered":"https:\/\/asociacioncolombianadeornitologia.org\/vicongreso\/?page_id=514"},"modified":"2019-10-08T15:02:59","modified_gmt":"2019-10-08T20:02:59","slug":"restaurando-las-areas-degradadas-de-colombia-a-traves-de-las-aves-y-sus-interacciones","status":"publish","type":"page","link":"https:\/\/asociacioncolombianadeornitologia.org\/vicongreso\/restaurando-las-areas-degradadas-de-colombia-a-traves-de-las-aves-y-sus-interacciones\/","title":{"rendered":"RESTAURANDO LAS \u00c1REAS DEGRADADAS DE COLOMBIA A TRAV\u00c9S DE LAS AVES Y SUS INTERACCIONES"},"content":{"rendered":"\n<h1 class=\"wp-block-heading\" style=\"text-align:center\">RESTAURANDO LAS \u00c1REAS DEGRADADAS DE COLOMBIA A TRAV\u00c9S DE LAS AVES Y SUS INTERACCIONES<\/h1>\n\n\n\n<blockquote class=\"wp-block-quote\"><p>Cancelado por los organizadores \ud83d\ude41<\/p><\/blockquote>\n","protected":false},"excerpt":{"rendered":"<p>RESTAURANDO LAS \u00c1REAS DEGRADADAS DE COLOMBIA A TRAV\u00c9S DE LAS AVES Y SUS INTERACCIONES Cancelado por los organizadores \ud83d\ude41<\/p>\n","protected":false},"author":1,"featured_media":0,"parent":0,"menu_order":0,"comment_status":"closed","ping_status":"closed","template":"","meta":{"footnotes":""},"yoast_head":"<!-- This site is optimized with the Yoast SEO plugin v21.5 - https:\/\/yoast.com\/wordpress\/plugins\/seo\/ -->\n<title>RESTAURANDO LAS \u00c1REAS DEGRADADAS DE COLOMBIA A TRAV\u00c9S DE LAS AVES Y SUS INTERACCIONES - VI Congreso Colombiano de Ornitologia<\/title>\n<meta name=\"robots\" content=\"index, follow, max-snippet:-1, max-image-preview:large, max-video-preview:-1\" \/>\n<link rel=\"canonical\" href=\"https:\/\/asociacioncolombianadeornitologia.org\/vicongreso\/restaurando-las-areas-degradadas-de-colombia-a-traves-de-las-aves-y-sus-interacciones\/\" \/>\n<meta property=\"og:locale\" content=\"es_ES\" \/>\n<meta property=\"og:type\" content=\"article\" \/>\n<meta property=\"og:title\" content=\"RESTAURANDO LAS \u00c1REAS DEGRADADAS DE COLOMBIA A TRAV\u00c9S DE LAS AVES Y SUS INTERACCIONES - VI Congreso Colombiano de Ornitologia\" \/>\n<meta property=\"og:description\" content=\"RESTAURANDO LAS \u00c1REAS DEGRADADAS DE COLOMBIA A TRAV\u00c9S DE LAS AVES Y SUS INTERACCIONES Cancelado por los organizadores \ud83d\ude41\" \/>\n<meta property=\"og:url\" content=\"https:\/\/asociacioncolombianadeornitologia.org\/vicongreso\/restaurando-las-areas-degradadas-de-colombia-a-traves-de-las-aves-y-sus-interacciones\/\" \/>\n<meta property=\"og:site_name\" content=\"VI Congreso Colombiano de Ornitologia\" \/>\n<meta property=\"article:modified_time\" content=\"2019-10-08T20:02:59+00:00\" \/>\n<meta name=\"twitter:card\" content=\"summary_large_image\" \/>\n<script type=\"application\/ld+json\" class=\"yoast-schema-graph\">{\"@context\":\"https:\/\/schema.org\",\"@graph\":[{\"@type\":\"WebPage\",\"@id\":\"https:\/\/asociacioncolombianadeornitologia.org\/vicongreso\/restaurando-las-areas-degradadas-de-colombia-a-traves-de-las-aves-y-sus-interacciones\/\",\"url\":\"https:\/\/asociacioncolombianadeornitologia.org\/vicongreso\/restaurando-las-areas-degradadas-de-colombia-a-traves-de-las-aves-y-sus-interacciones\/\",\"name\":\"RESTAURANDO LAS \u00c1REAS DEGRADADAS DE COLOMBIA A TRAV\u00c9S DE LAS AVES Y SUS INTERACCIONES - VI Congreso Colombiano de Ornitologia\",\"isPartOf\":{\"@id\":\"https:\/\/asociacioncolombianadeornitologia.org\/vicongreso\/#website\"},\"datePublished\":\"2019-09-24T21:47:17+00:00\",\"dateModified\":\"2019-10-08T20:02:59+00:00\",\"breadcrumb\":{\"@id\":\"https:\/\/asociacioncolombianadeornitologia.org\/vicongreso\/restaurando-las-areas-degradadas-de-colombia-a-traves-de-las-aves-y-sus-interacciones\/#breadcrumb\"},\"inLanguage\":\"es-CO\",\"potentialAction\":[{\"@type\":\"ReadAction\",\"target\":[\"https:\/\/asociacioncolombianadeornitologia.org\/vicongreso\/restaurando-las-areas-degradadas-de-colombia-a-traves-de-las-aves-y-sus-interacciones\/\"]}]},{\"@type\":\"BreadcrumbList\",\"@id\":\"https:\/\/asociacioncolombianadeornitologia.org\/vicongreso\/restaurando-las-areas-degradadas-de-colombia-a-traves-de-las-aves-y-sus-interacciones\/#breadcrumb\",\"itemListElement\":[{\"@type\":\"ListItem\",\"position\":1,\"name\":\"Home\",\"item\":\"https:\/\/asociacioncolombianadeornitologia.org\/vicongreso\/\"},{\"@type\":\"ListItem\",\"position\":2,\"name\":\"RESTAURANDO LAS \u00c1REAS DEGRADADAS DE COLOMBIA A TRAV\u00c9S DE LAS AVES Y SUS INTERACCIONES\"}]},{\"@type\":\"WebSite\",\"@id\":\"https:\/\/asociacioncolombianadeornitologia.org\/vicongreso\/#website\",\"url\":\"https:\/\/asociacioncolombianadeornitologia.org\/vicongreso\/\",\"name\":\"VI Congreso Colombiano de Ornitologia\",\"description\":\"Ibagu\u00e9, Tolima 22 al 25 de octubre de 2019\",\"publisher\":{\"@id\":\"https:\/\/asociacioncolombianadeornitologia.org\/vicongreso\/#organization\"},\"potentialAction\":[{\"@type\":\"SearchAction\",\"target\":{\"@type\":\"EntryPoint\",\"urlTemplate\":\"https:\/\/asociacioncolombianadeornitologia.org\/vicongreso\/?s={search_term_string}\"},\"query-input\":\"required name=search_term_string\"}],\"inLanguage\":\"es-CO\"},{\"@type\":\"Organization\",\"@id\":\"https:\/\/asociacioncolombianadeornitologia.org\/vicongreso\/#organization\",\"name\":\"VI Congreso Colombiano de Ornitologia\",\"url\":\"https:\/\/asociacioncolombianadeornitologia.org\/vicongreso\/\",\"logo\":{\"@type\":\"ImageObject\",\"inLanguage\":\"es-CO\",\"@id\":\"https:\/\/asociacioncolombianadeornitologia.org\/vicongreso\/#\/schema\/logo\/image\/\",\"url\":\"https:\/\/asociacioncolombianadeornitologia.org\/vicongreso\/wp-content\/uploads\/2019\/04\/logo_congreso_ornitologia_white.png\",\"contentUrl\":\"https:\/\/asociacioncolombianadeornitologia.org\/vicongreso\/wp-content\/uploads\/2019\/04\/logo_congreso_ornitologia_white.png\",\"width\":500,\"height\":134,\"caption\":\"VI Congreso Colombiano de Ornitologia\"},\"image\":{\"@id\":\"https:\/\/asociacioncolombianadeornitologia.org\/vicongreso\/#\/schema\/logo\/image\/\"}}]}<\/script>\n<!-- \/ Yoast SEO plugin. -->","yoast_head_json":{"title":"RESTAURANDO LAS \u00c1REAS DEGRADADAS DE COLOMBIA A TRAV\u00c9S DE LAS AVES Y SUS INTERACCIONES - VI Congreso Colombiano de Ornitologia","robots":{"index":"index","follow":"follow","max-snippet":"max-snippet:-1","max-image-preview":"max-image-preview:large","max-video-preview":"max-video-preview:-1"},"canonical":"https:\/\/asociacioncolombianadeornitologia.org\/vicongreso\/restaurando-las-areas-degradadas-de-colombia-a-traves-de-las-aves-y-sus-interacciones\/","og_locale":"es_ES","og_type":"article","og_title":"RESTAURANDO LAS \u00c1REAS DEGRADADAS DE COLOMBIA A TRAV\u00c9S DE LAS AVES Y SUS INTERACCIONES - VI Congreso Colombiano de Ornitologia","og_description":"RESTAURANDO LAS \u00c1REAS DEGRADADAS DE COLOMBIA A TRAV\u00c9S DE LAS AVES Y SUS INTERACCIONES Cancelado por los organizadores \ud83d\ude41","og_url":"https:\/\/asociacioncolombianadeornitologia.org\/vicongreso\/restaurando-las-areas-degradadas-de-colombia-a-traves-de-las-aves-y-sus-interacciones\/","og_site_name":"VI Congreso Colombiano de Ornitologia","article_modified_time":"2019-10-08T20:02:59+00:00","twitter_card":"summary_large_image","schema":{"@context":"https:\/\/schema.org","@graph":[{"@type":"WebPage","@id":"https:\/\/asociacioncolombianadeornitologia.org\/vicongreso\/restaurando-las-areas-degradadas-de-colombia-a-traves-de-las-aves-y-sus-interacciones\/","url":"https:\/\/asociacioncolombianadeornitologia.org\/vicongreso\/restaurando-las-areas-degradadas-de-colombia-a-traves-de-las-aves-y-sus-interacciones\/","name":"RESTAURANDO LAS \u00c1REAS DEGRADADAS DE COLOMBIA A TRAV\u00c9S DE LAS AVES Y SUS INTERACCIONES - VI Congreso Colombiano de Ornitologia","isPartOf":{"@id":"https:\/\/asociacioncolombianadeornitologia.org\/vicongreso\/#website"},"datePublished":"2019-09-24T21:47:17+00:00","dateModified":"2019-10-08T20:02:59+00:00","breadcrumb":{"@id":"https:\/\/asociacioncolombianadeornitologia.org\/vicongreso\/restaurando-las-areas-degradadas-de-colombia-a-traves-de-las-aves-y-sus-interacciones\/#breadcrumb"},"inLanguage":"es-CO","potentialAction":[{"@type":"ReadAction","target":["https:\/\/asociacioncolombianadeornitologia.org\/vicongreso\/restaurando-las-areas-degradadas-de-colombia-a-traves-de-las-aves-y-sus-interacciones\/"]}]},{"@type":"BreadcrumbList","@id":"https:\/\/asociacioncolombianadeornitologia.org\/vicongreso\/restaurando-las-areas-degradadas-de-colombia-a-traves-de-las-aves-y-sus-interacciones\/#breadcrumb","itemListElement":[{"@type":"ListItem","position":1,"name":"Home","item":"https:\/\/asociacioncolombianadeornitologia.org\/vicongreso\/"},{"@type":"ListItem","position":2,"name":"RESTAURANDO LAS \u00c1REAS DEGRADADAS DE COLOMBIA A TRAV\u00c9S DE LAS AVES Y SUS INTERACCIONES"}]},{"@type":"WebSite","@id":"https:\/\/asociacioncolombianadeornitologia.org\/vicongreso\/#website","url":"https:\/\/asociacioncolombianadeornitologia.org\/vicongreso\/","name":"VI Congreso Colombiano de Ornitologia","description":"Ibagu\u00e9, Tolima 22 al 25 de octubre de 2019","publisher":{"@id":"https:\/\/asociacioncolombianadeornitologia.org\/vicongreso\/#organization"},"potentialAction":[{"@type":"SearchAction","target":{"@type":"EntryPoint","urlTemplate":"https:\/\/asociacioncolombianadeornitologia.org\/vicongreso\/?s={search_term_string}"},"query-input":"required name=search_term_string"}],"inLanguage":"es-CO"},{"@type":"Organization","@id":"https:\/\/asociacioncolombianadeornitologia.org\/vicongreso\/#organization","name":"VI Congreso Colombiano de Ornitologia","url":"https:\/\/asociacioncolombianadeornitologia.org\/vicongreso\/","logo":{"@type":"ImageObject","inLanguage":"es-CO","@id":"https:\/\/asociacioncolombianadeornitologia.org\/vicongreso\/#\/schema\/logo\/image\/","url":"https:\/\/asociacioncolombianadeornitologia.org\/vicongreso\/wp-content\/uploads\/2019\/04\/logo_congreso_ornitologia_white.png","contentUrl":"https:\/\/asociacioncolombianadeornitologia.org\/vicongreso\/wp-content\/uploads\/2019\/04\/logo_congreso_ornitologia_white.png","width":500,"height":134,"caption":"VI Congreso Colombiano de Ornitologia"},"image":{"@id":"https:\/\/asociacioncolombianadeornitologia.org\/vicongreso\/#\/schema\/logo\/image\/"}}]}},"_links":{"self":[{"href":"https:\/\/asociacioncolombianadeornitologia.org\/vicongreso\/wp-json\/wp\/v2\/pages\/514"}],"collection":[{"href":"https:\/\/asociacioncolombianadeornitologia.org\/vicongreso\/wp-json\/wp\/v2\/pages"}],"about":[{"href":"https:\/\/asociacioncolombianadeornitologia.org\/vicongreso\/wp-json\/wp\/v2\/types\/page"}],"author":[{"embeddable":true,"href":"https:\/\/asociacioncolombianadeornitologia.org\/vicongreso\/wp-json\/wp\/v2\/users\/1"}],"replies":[{"embeddable":true,"href":"https:\/\/asociacioncolombianadeornitologia.org\/vicongreso\/wp-json\/wp\/v2\/comments?post=514"}],"version-history":[{"count":3,"href":"https:\/\/asociacioncolombianadeornitologia.org\/vicongreso\/wp-json\/wp\/v2\/pages\/514\/revisions"}],"predecessor-version":[{"id":560,"href":"https:\/\/asociacioncolombianadeornitologia.org\/vicongreso\/wp-json\/wp\/v2\/pages\/514\/revisions\/560"}],"wp:attachment":[{"href":"https:\/\/asociacioncolombianadeornitologia.org\/vicongreso\/wp-json\/wp\/v2\/media?parent=514"}],"curies":[{"name":"wp","href":"https:\/\/api.w.org\/{rel}","templated":true}]}}