{"id":391,"date":"2019-08-22T10:47:49","date_gmt":"2019-08-22T15:47:49","guid":{"rendered":"https:\/\/asociacioncolombianadeornitologia.org\/vicongreso\/?page_id=391"},"modified":"2019-08-22T13:34:47","modified_gmt":"2019-08-22T18:34:47","slug":"curso-basico-de-grabacion-de-sonidos-de-aves-en-el-campo","status":"publish","type":"page","link":"https:\/\/asociacioncolombianadeornitologia.org\/vicongreso\/curso-basico-de-grabacion-de-sonidos-de-aves-en-el-campo\/","title":{"rendered":"Curso b\u00e1sico de grabaci\u00f3n de sonidos de aves en el campo"},"content":{"rendered":"\n<h1 class=\"wp-block-heading\" style=\"text-align:center\">Curso b\u00e1sico de grabaci\u00f3n de sonidos de aves en el campo<\/h1>\n\n\n\n<blockquote class=\"wp-block-quote\"><p><strong>Organizador\/Instructor: <\/strong>Katherine Certuche, Orlando Acevedo-Charry<\/p><p>Los sonidos son un componente fenot\u00edpico que es usado en estudios sobre taxonom\u00eda, ecolog\u00eda, evoluci\u00f3n o comportamiento. Adicionalmente, es parte esencial del entendimiento y estudio de las aves en campo. Presentamos la propuesta de un curso sobre las t\u00e9cnicas b\u00e1sicas de grabaci\u00f3n de sonidos de aves en campo.<br> <strong>\u00a0<\/strong><br> <strong>Dirigido a: <\/strong>Estudiantes y profesionales<br> <strong>\u00a0<\/strong><br> <strong>Contenido propuesto (temario): <\/strong><br> Hora\u00a0\u00a0\u00a0 D\u00eda 1<br> 6:00\u00a0\u00a0\u00a0\u00a0 Presentaci\u00f3n &#8211; Inscripci\u00f3n<br> 7:00\u00a0\u00a0\u00a0\u00a0 Charlas introductorias t\u00e9cnicas y equipo<br> 8:00-10:00 Grabaci\u00f3n en campo Jard\u00edn Bot\u00e1nico UT <br> 11:00 &#8211; 12:00\u00a0\u00a0 Receso <br> 12:00 &#8211; 13:00\u00a0\u00a0 Almuerzo<br> 13:00 &#8211; 16:30\u00a0\u00a0 Edici\u00f3n y preparaci\u00f3n de cortes obtenidos<br> 16:30 &#8211; 17:00\u00a0\u00a0 Refrigerio<br> 16:30 -18:30 \u00a0\u00a0 Charlas <br> \u00a0<br> Hora\u00a0\u00a0\u00a0 Dia 2<br> 6:00-10:00\u00a0\u00a0\u00a0\u00a0\u00a0\u00a0 Grabaci\u00f3n en campo Salida Pr\u00e1ctica en Reserva forestal Alto Combeima\u00a0 <br> 11:00 &#8211; 12:00\u00a0\u00a0 Retorno a Casa Reserva<br> 12:00 &#8211; 13:00\u00a0\u00a0 Almuerzo <br> 13:00 &#8211; 16:30\u00a0\u00a0 Edici\u00f3n y preparaci\u00f3n de cortes obtenidos<br> 16:30 &#8211; 17:00\u00a0\u00a0 Refrigerio <br> 16:30 -18:30 \u00a0\u00a0 Conclusiones y Cierre del Curso <br> Retorno a Ibagu\u00e9<br> \u00a0<br> <strong>Tem\u00e1ticas: <\/strong><br> Fundamentos de la grabaci\u00f3n de sonidos e introducci\u00f3n al equipo y t\u00e9cnicas<br> Propiedades del sonido (archivos sonoros)<br> Edici\u00f3n de cortes de audio con Ocenaudio<br> Micr\u00f3fonos<br> Grabadoras<br> Grabar con celulares &#8211; algunas recomendaciones<br> \u00a0<br> <strong>Fecha y horario: <\/strong>20 y 21 de octubre de 2019<br> \u00a0<br> <strong>Lugar<\/strong>: Universidad del Tolima &#8211; laboratorio de Ecoagricultura<br> \u00a0<br> <strong>Cupo<\/strong>: m\u00e1ximo 15 personas <br> \u00a0<br> <strong>Costo inscripci\u00f3n por persona: $120.000 <\/strong>Incluye:<strong> \u00a0\u00a0\u00a0\u00a0\u00a0\u00a0\u00a0\u00a0 <\/strong><br> Alimentaci\u00f3n: 2 refrigerios y 2 almuerzos <br> Transporte ida y regreso desde el punto de encuentro hasta el lugar de la pr\u00e1ctica del d\u00eda 2 <br> P\u00f3lizas outdoor por los 2 d\u00edas del curso <br> Insumos requeridos para el curso <br> Certificaci\u00f3n <br> Documentos gu\u00eda<br> \u00a0<br> <strong>Confirme disponibilidad de cupos y formas de pago con: <\/strong>Katherine Certuche\u00a0 <a href=\"mailto:katcertuche@gmail.com\">katcertuche@gmail.com<\/a>  <\/p><\/blockquote>\n","protected":false},"excerpt":{"rendered":"<p>Curso b\u00e1sico de grabaci\u00f3n de sonidos de aves en el campo Organizador\/Instructor: Katherine Certuche, Orlando Acevedo-Charry Los sonidos son un componente fenot\u00edpico que es usado en estudios sobre taxonom\u00eda, ecolog\u00eda, evoluci\u00f3n o comportamiento. Adicionalmente, es parte esencial del entendimiento y estudio de las aves en campo. Presentamos la propuesta de un curso sobre las t\u00e9cnicas [&hellip;]<\/p>\n","protected":false},"author":1,"featured_media":0,"parent":0,"menu_order":0,"comment_status":"closed","ping_status":"closed","template":"","meta":{"footnotes":""},"yoast_head":"<!-- This site is optimized with the Yoast SEO plugin v21.5 - https:\/\/yoast.com\/wordpress\/plugins\/seo\/ -->\n<title>Curso b\u00e1sico de grabaci\u00f3n de sonidos de aves en el campo - VI Congreso Colombiano de Ornitologia<\/title>\n<meta name=\"robots\" content=\"index, follow, max-snippet:-1, max-image-preview:large, max-video-preview:-1\" \/>\n<link rel=\"canonical\" href=\"https:\/\/asociacioncolombianadeornitologia.org\/vicongreso\/curso-basico-de-grabacion-de-sonidos-de-aves-en-el-campo\/\" \/>\n<meta property=\"og:locale\" content=\"es_ES\" \/>\n<meta property=\"og:type\" content=\"article\" \/>\n<meta property=\"og:title\" content=\"Curso b\u00e1sico de grabaci\u00f3n de sonidos de aves en el campo - VI Congreso Colombiano de Ornitologia\" \/>\n<meta property=\"og:description\" content=\"Curso b\u00e1sico de grabaci\u00f3n de sonidos de aves en el campo Organizador\/Instructor: Katherine Certuche, Orlando Acevedo-Charry Los sonidos son un componente fenot\u00edpico que es usado en estudios sobre taxonom\u00eda, ecolog\u00eda, evoluci\u00f3n o comportamiento. Adicionalmente, es parte esencial del entendimiento y estudio de las aves en campo. Presentamos la propuesta de un curso sobre las t\u00e9cnicas [&hellip;]\" \/>\n<meta property=\"og:url\" content=\"https:\/\/asociacioncolombianadeornitologia.org\/vicongreso\/curso-basico-de-grabacion-de-sonidos-de-aves-en-el-campo\/\" \/>\n<meta property=\"og:site_name\" content=\"VI Congreso Colombiano de Ornitologia\" \/>\n<meta property=\"article:modified_time\" content=\"2019-08-22T18:34:47+00:00\" \/>\n<meta name=\"twitter:card\" content=\"summary_large_image\" \/>\n<meta name=\"twitter:label1\" content=\"Tiempo estimado de lectura\" \/>\n\t<meta name=\"twitter:data1\" content=\"1 minuto\" \/>\n<script type=\"application\/ld+json\" class=\"yoast-schema-graph\">{\"@context\":\"https:\/\/schema.org\",\"@graph\":[{\"@type\":\"WebPage\",\"@id\":\"https:\/\/asociacioncolombianadeornitologia.org\/vicongreso\/curso-basico-de-grabacion-de-sonidos-de-aves-en-el-campo\/\",\"url\":\"https:\/\/asociacioncolombianadeornitologia.org\/vicongreso\/curso-basico-de-grabacion-de-sonidos-de-aves-en-el-campo\/\",\"name\":\"Curso b\u00e1sico de grabaci\u00f3n de sonidos de aves en el campo - VI Congreso Colombiano de Ornitologia\",\"isPartOf\":{\"@id\":\"https:\/\/asociacioncolombianadeornitologia.org\/vicongreso\/#website\"},\"datePublished\":\"2019-08-22T15:47:49+00:00\",\"dateModified\":\"2019-08-22T18:34:47+00:00\",\"breadcrumb\":{\"@id\":\"https:\/\/asociacioncolombianadeornitologia.org\/vicongreso\/curso-basico-de-grabacion-de-sonidos-de-aves-en-el-campo\/#breadcrumb\"},\"inLanguage\":\"es-CO\",\"potentialAction\":[{\"@type\":\"ReadAction\",\"target\":[\"https:\/\/asociacioncolombianadeornitologia.org\/vicongreso\/curso-basico-de-grabacion-de-sonidos-de-aves-en-el-campo\/\"]}]},{\"@type\":\"BreadcrumbList\",\"@id\":\"https:\/\/asociacioncolombianadeornitologia.org\/vicongreso\/curso-basico-de-grabacion-de-sonidos-de-aves-en-el-campo\/#breadcrumb\",\"itemListElement\":[{\"@type\":\"ListItem\",\"position\":1,\"name\":\"Home\",\"item\":\"https:\/\/asociacioncolombianadeornitologia.org\/vicongreso\/\"},{\"@type\":\"ListItem\",\"position\":2,\"name\":\"Curso b\u00e1sico de grabaci\u00f3n de sonidos de aves en el campo\"}]},{\"@type\":\"WebSite\",\"@id\":\"https:\/\/asociacioncolombianadeornitologia.org\/vicongreso\/#website\",\"url\":\"https:\/\/asociacioncolombianadeornitologia.org\/vicongreso\/\",\"name\":\"VI Congreso Colombiano de Ornitologia\",\"description\":\"Ibagu\u00e9, Tolima 22 al 25 de octubre de 2019\",\"publisher\":{\"@id\":\"https:\/\/asociacioncolombianadeornitologia.org\/vicongreso\/#organization\"},\"potentialAction\":[{\"@type\":\"SearchAction\",\"target\":{\"@type\":\"EntryPoint\",\"urlTemplate\":\"https:\/\/asociacioncolombianadeornitologia.org\/vicongreso\/?s={search_term_string}\"},\"query-input\":\"required name=search_term_string\"}],\"inLanguage\":\"es-CO\"},{\"@type\":\"Organization\",\"@id\":\"https:\/\/asociacioncolombianadeornitologia.org\/vicongreso\/#organization\",\"name\":\"VI Congreso Colombiano de Ornitologia\",\"url\":\"https:\/\/asociacioncolombianadeornitologia.org\/vicongreso\/\",\"logo\":{\"@type\":\"ImageObject\",\"inLanguage\":\"es-CO\",\"@id\":\"https:\/\/asociacioncolombianadeornitologia.org\/vicongreso\/#\/schema\/logo\/image\/\",\"url\":\"https:\/\/asociacioncolombianadeornitologia.org\/vicongreso\/wp-content\/uploads\/2019\/04\/logo_congreso_ornitologia_white.png\",\"contentUrl\":\"https:\/\/asociacioncolombianadeornitologia.org\/vicongreso\/wp-content\/uploads\/2019\/04\/logo_congreso_ornitologia_white.png\",\"width\":500,\"height\":134,\"caption\":\"VI Congreso Colombiano de Ornitologia\"},\"image\":{\"@id\":\"https:\/\/asociacioncolombianadeornitologia.org\/vicongreso\/#\/schema\/logo\/image\/\"}}]}<\/script>\n<!-- \/ Yoast SEO plugin. -->","yoast_head_json":{"title":"Curso b\u00e1sico de grabaci\u00f3n de sonidos de aves en el campo - VI Congreso Colombiano de Ornitologia","robots":{"index":"index","follow":"follow","max-snippet":"max-snippet:-1","max-image-preview":"max-image-preview:large","max-video-preview":"max-video-preview:-1"},"canonical":"https:\/\/asociacioncolombianadeornitologia.org\/vicongreso\/curso-basico-de-grabacion-de-sonidos-de-aves-en-el-campo\/","og_locale":"es_ES","og_type":"article","og_title":"Curso b\u00e1sico de grabaci\u00f3n de sonidos de aves en el campo - VI Congreso Colombiano de Ornitologia","og_description":"Curso b\u00e1sico de grabaci\u00f3n de sonidos de aves en el campo Organizador\/Instructor: Katherine Certuche, Orlando Acevedo-Charry Los sonidos son un componente fenot\u00edpico que es usado en estudios sobre taxonom\u00eda, ecolog\u00eda, evoluci\u00f3n o comportamiento. Adicionalmente, es parte esencial del entendimiento y estudio de las aves en campo. Presentamos la propuesta de un curso sobre las t\u00e9cnicas [&hellip;]","og_url":"https:\/\/asociacioncolombianadeornitologia.org\/vicongreso\/curso-basico-de-grabacion-de-sonidos-de-aves-en-el-campo\/","og_site_name":"VI Congreso Colombiano de Ornitologia","article_modified_time":"2019-08-22T18:34:47+00:00","twitter_card":"summary_large_image","twitter_misc":{"Tiempo estimado de lectura":"1 minuto"},"schema":{"@context":"https:\/\/schema.org","@graph":[{"@type":"WebPage","@id":"https:\/\/asociacioncolombianadeornitologia.org\/vicongreso\/curso-basico-de-grabacion-de-sonidos-de-aves-en-el-campo\/","url":"https:\/\/asociacioncolombianadeornitologia.org\/vicongreso\/curso-basico-de-grabacion-de-sonidos-de-aves-en-el-campo\/","name":"Curso b\u00e1sico de grabaci\u00f3n de sonidos de aves en el campo - VI Congreso Colombiano de Ornitologia","isPartOf":{"@id":"https:\/\/asociacioncolombianadeornitologia.org\/vicongreso\/#website"},"datePublished":"2019-08-22T15:47:49+00:00","dateModified":"2019-08-22T18:34:47+00:00","breadcrumb":{"@id":"https:\/\/asociacioncolombianadeornitologia.org\/vicongreso\/curso-basico-de-grabacion-de-sonidos-de-aves-en-el-campo\/#breadcrumb"},"inLanguage":"es-CO","potentialAction":[{"@type":"ReadAction","target":["https:\/\/asociacioncolombianadeornitologia.org\/vicongreso\/curso-basico-de-grabacion-de-sonidos-de-aves-en-el-campo\/"]}]},{"@type":"BreadcrumbList","@id":"https:\/\/asociacioncolombianadeornitologia.org\/vicongreso\/curso-basico-de-grabacion-de-sonidos-de-aves-en-el-campo\/#breadcrumb","itemListElement":[{"@type":"ListItem","position":1,"name":"Home","item":"https:\/\/asociacioncolombianadeornitologia.org\/vicongreso\/"},{"@type":"ListItem","position":2,"name":"Curso b\u00e1sico de grabaci\u00f3n de sonidos de aves en el campo"}]},{"@type":"WebSite","@id":"https:\/\/asociacioncolombianadeornitologia.org\/vicongreso\/#website","url":"https:\/\/asociacioncolombianadeornitologia.org\/vicongreso\/","name":"VI Congreso Colombiano de Ornitologia","description":"Ibagu\u00e9, Tolima 22 al 25 de octubre de 2019","publisher":{"@id":"https:\/\/asociacioncolombianadeornitologia.org\/vicongreso\/#organization"},"potentialAction":[{"@type":"SearchAction","target":{"@type":"EntryPoint","urlTemplate":"https:\/\/asociacioncolombianadeornitologia.org\/vicongreso\/?s={search_term_string}"},"query-input":"required name=search_term_string"}],"inLanguage":"es-CO"},{"@type":"Organization","@id":"https:\/\/asociacioncolombianadeornitologia.org\/vicongreso\/#organization","name":"VI Congreso Colombiano de Ornitologia","url":"https:\/\/asociacioncolombianadeornitologia.org\/vicongreso\/","logo":{"@type":"ImageObject","inLanguage":"es-CO","@id":"https:\/\/asociacioncolombianadeornitologia.org\/vicongreso\/#\/schema\/logo\/image\/","url":"https:\/\/asociacioncolombianadeornitologia.org\/vicongreso\/wp-content\/uploads\/2019\/04\/logo_congreso_ornitologia_white.png","contentUrl":"https:\/\/asociacioncolombianadeornitologia.org\/vicongreso\/wp-content\/uploads\/2019\/04\/logo_congreso_ornitologia_white.png","width":500,"height":134,"caption":"VI Congreso Colombiano de Ornitologia"},"image":{"@id":"https:\/\/asociacioncolombianadeornitologia.org\/vicongreso\/#\/schema\/logo\/image\/"}}]}},"_links":{"self":[{"href":"https:\/\/asociacioncolombianadeornitologia.org\/vicongreso\/wp-json\/wp\/v2\/pages\/391"}],"collection":[{"href":"https:\/\/asociacioncolombianadeornitologia.org\/vicongreso\/wp-json\/wp\/v2\/pages"}],"about":[{"href":"https:\/\/asociacioncolombianadeornitologia.org\/vicongreso\/wp-json\/wp\/v2\/types\/page"}],"author":[{"embeddable":true,"href":"https:\/\/asociacioncolombianadeornitologia.org\/vicongreso\/wp-json\/wp\/v2\/users\/1"}],"replies":[{"embeddable":true,"href":"https:\/\/asociacioncolombianadeornitologia.org\/vicongreso\/wp-json\/wp\/v2\/comments?post=391"}],"version-history":[{"count":3,"href":"https:\/\/asociacioncolombianadeornitologia.org\/vicongreso\/wp-json\/wp\/v2\/pages\/391\/revisions"}],"predecessor-version":[{"id":420,"href":"https:\/\/asociacioncolombianadeornitologia.org\/vicongreso\/wp-json\/wp\/v2\/pages\/391\/revisions\/420"}],"wp:attachment":[{"href":"https:\/\/asociacioncolombianadeornitologia.org\/vicongreso\/wp-json\/wp\/v2\/media?parent=391"}],"curies":[{"name":"wp","href":"https:\/\/api.w.org\/{rel}","templated":true}]}}