{"id":370,"date":"2019-08-22T09:44:35","date_gmt":"2019-08-22T14:44:35","guid":{"rendered":"https:\/\/asociacioncolombianadeornitologia.org\/vicongreso\/?page_id=370"},"modified":"2019-08-27T21:06:29","modified_gmt":"2019-08-28T02:06:29","slug":"flexibilidad-y-eficiencia-en-analisis-de-datos-en-ecologia-con-enfasis-en-ornitologia-una-introduccion-a-los-modelos-mixtos-multinivel-en-r","status":"publish","type":"page","link":"https:\/\/asociacioncolombianadeornitologia.org\/vicongreso\/flexibilidad-y-eficiencia-en-analisis-de-datos-en-ecologia-con-enfasis-en-ornitologia-una-introduccion-a-los-modelos-mixtos-multinivel-en-r\/","title":{"rendered":"Flexibilidad y eficiencia en an\u00e1lisis de datos en ecolog\u00eda con \u00e9nfasis en ornitolog\u00eda: una introducci\u00f3n a los modelos (mixtos) multinivel en R"},"content":{"rendered":"\n<h1 class=\"wp-block-heading\" style=\"text-align:center\">Flexibilidad y eficiencia en an\u00e1lisis de datos en ecolog\u00eda con \u00e9nfasis en ornitolog\u00eda: una introducci\u00f3n a los modelos (mixtos) multinivel en R<\/h1>\n\n\n\n<blockquote class=\"wp-block-quote\"><p>  <strong>Organizador\/Instructor: <\/strong>Carlos Esteban Lara. Ingeniero Forestal de la Universidad Nacional de Colombia. Magister en Bosques y Conservaci\u00f3n Ambiental de la Universidad Nacional de Colombia y Doctor en Zoolog\u00eda del Department of Zoology, University of Otago, New Zealand.<\/p><p> <strong>&nbsp;<\/strong><br> <strong>Justificaci\u00f3n: <\/strong>Entender, manejar y analizar datos en ecolog\u00eda y evoluci\u00f3n es una de las mayores fortalezas que un investigador puede lograr. Este logro requiere un proceso de mucha dedicaci\u00f3n. En nuestro medio (e.g., muchas universidades a nivel de pregrado e incluso posgrado) nos indican el camino a seguir por medio de cursos b\u00e1sicos de estad\u00edstica que, com\u00fanmente, limitan sus alcances al \u2018mundo normal\u2019, es decir, datos de distribuci\u00f3n gaussiana. Con elementos sobre esta familia de distribuci\u00f3n se producen actualmente gran parte de los trabajos de grado en pregrados de ecolog\u00eda y biolog\u00eda. Sin embargo, el camino hacia un manejo y an\u00e1lisis de datos biol\u00f3gicos m\u00e1s apropiado est\u00e1 lejos de all\u00ed y las pautas que nos provee nuestro medio para encontrar ese camino son muy limitadas. Consecuentemente, j\u00f3venes investigadores pierden la ruta cuando enfrentan datos no normales, y que por cierto, son m\u00e1s comunes en la naturaleza (e.g., distribuciones de tipo binomial, Poisson y gamma). Esta p\u00e9rdida de ruta, no solo genera stress en los estudiantes, sino que tambi\u00e9n los lleva a solucionar sus limitaciones bioestad\u00edsticas por medio de an\u00e1lisis inapropiados. Por ejemplo, es com\u00fan observar que la principal soluci\u00f3n frente a datos que no siguen una distribuci\u00f3n normal, es el uso de test no param\u00e9tricos, que en casi todos los casos, presentan serias limitaciones.<\/p><p><br> El camino m\u00e1s apropiado a seguir, y que se ha posicionado poderosamente desde hace algunas d\u00e9cadas, es el uso de los modelos multinivel (tambi\u00e9n denominados modelos mixtos o GLMMs). Su fortaleza radica en la flexibilidad para analizar datos de distribuci\u00f3n no normal y datos que no son independientes entre s\u00ed (un problema casi inherente en todos los datos obtenidos en estudios de campo). Dentro de la familia GLMMs es f\u00e1cil realizar tradicionales t\u2013tests, aNOVAS, ANOCOVAS, regresiones m\u00faltiples, y test no param\u00e9tricos (e.g., Kruskall\u2013Wallis, Mann\u2013Whitney). Espec\u00edficamente, para aquellos que estudian ecolog\u00eda del comportamiento, los modelos mixtos permiten calcular f\u00e1cilmente repetibilidad (e.g., variabilidad dentro de grupos y entre grupos), la cual es clave en esta \u00e1rea de la ecolog\u00eda. <\/p><p> Por otra parte, aunque existen muchos programas estad\u00edsticos, R (ver: r-project.org), es quiz\u00e1s el software m\u00e1s flexible, es gratuito, y aunque no parezca, es una plataforma muy amigable. Infortunadamente, el uso de R ha sido, en cierta medida, mitificado y excluido en muchos contextos (e.g., muchas universidades colombianas no fomentan su uso). Un usuario novato frente a R, generalmente se desmotiva al no poder ingresar apropiadamente sus datos en la plataforma. Sin embargo, una vez los datos se presentan adecuadamente en R, es f\u00e1cil usar y entender, no solo los paquetes para ajustar GLMMs (e.g., lme4, nlme, MCMCglmm), sino tambi\u00e9n aprovechar la versatilidad de R en otros contextos. La capacidad de R es virtualmente ilimitada. Por ejemplo, para manejar bases de datos de gran tama\u00f1o, para producir gr\u00e1ficos de alta calidad, para poder replicar los an\u00e1lisis tantas veces como sea necesario, entre otras.<\/p><p><br> Es importante enfatizar que en Colombia ha existido poca oferta sobre este tipo de cursos de an\u00e1lisis e interpretaci\u00f3n de datos biol\u00f3gicos v\u00eda modelos multinivel, y los pocos cursos que existen no usan exclusivamente R. Como se mencion\u00f3, la combinaci\u00f3n de ambos (modelos multinivel y R) se ha convertido en el \u2018gold standard\u2019 en an\u00e1lisis de datos en ecolog\u00eda y evoluci\u00f3n. Consecuentemente, un curso de esta naturaleza es novedoso y muy apropiado dentro del marco del VI Congreso de Ornitolog\u00eda. Ya que en t\u00e9rminos generales, este curso invitar\u00eda a todos los estudiantes de pregrado, posgrado e incluso docentes que est\u00e9n interesados en familiarizarse con los modelos multinivel y su ajuste por t\u00e9cnicas tradicionales y bayesianas.<\/p><p><br> Por \u00faltimo, el curso es de car\u00e1cter te\u00f3rico\u2013pr\u00e1ctico, ya que se programaran actividades donde los estudiantes puedan aplicar, a su propio set de datos o a un set de datos asociado con el curso, ejercicios que permitan reforzar los conceptos y t\u00e9cnicas estudiadas durante el componente te\u00f3rico del curso.<br> &nbsp;<\/p><p> <strong>Objetivo: <\/strong>Con el fin de fomentar un apropiado manejo y an\u00e1lisis de datos biol\u00f3gicos con un \u00e9nfasis en modelos multinivel y adem\u00e1s para fomentar el uso de R, se propone ofrecer un curso intensivo te\u00f3rico\u2013pr\u00e1ctico. <br> <strong>&nbsp;<\/strong><\/p><p> <strong>Dirigido a: <\/strong>Preferiblemente estudiantes que est\u00e9n cursando \u00faltimos semestres de pregrado o que est\u00e9n iniciando estudios de maestr\u00eda o doctorado. Cada participante debe llevar su propio computador port\u00e1til. El organizador proporcionara bases de datos de acceso libre (e.g., Dryad o Open Science Framework), aunque es ideal si los estudiantes usan sus propios datos.<br> &nbsp;<br> Es importante resaltar que los estudiantes pueden o no tener conocimiento previo en R, de hecho, la idea del curso es eliminar las barreras hacia el uso de R y r\u00e1pidamente escalar hacia el uso de GLMMs. <br> <strong>&nbsp;<\/strong><br> <strong>Contenido propuesto (temario): <\/strong>El programa del curso incluye una introducci\u00f3n b\u00e1sica al software R y luego a los GLMMs empezado por modelos lineales y terminando con el ajuste de modelos mixtos por t\u00e9cnicas bayesianas. En las jornadas practicas se trabajara en como ingresar datos en R, entender su estructura y el lenguaje b\u00e1sico de R. En otra jornada, te\u00f3rica, se introducir\u00e1n los tipos de algoritmos que R usa para ajustar modelos multinivel y se discutir\u00e1n sus bondades y limitaciones. Se har\u00e1 enfasis en el uso del paquete MCMCglmm. Por \u00faltimo se usaran algunas herramientas de R para generar gr\u00e1ficos apropiados para cada tipo de modelaci\u00f3n.<br> &nbsp;<\/p><p> <strong>Fecha y horario: <\/strong>20 y 21 de octubre de 2019. 8 horas te\u00f3ricas 8 y horas practicas. Sujeto a cambios seg\u00fan disponibilidad.<\/p><p> <strong>Lugar<\/strong>: Por confirmar<\/p><p> <strong>Cupo<\/strong>: m\u00e1ximo 15 personas<\/p><p><strong>Costo inscripci\u00f3n por persona: <\/strong>$100.000<\/p><p><strong>Confirme disponibilidad de cupos y formas de pago con:&nbsp;  <\/strong>Coordinaci\u00f3n administrativa ACO  <a href=\"coordinacion@ornitologiacolombiana.com\">coordinacion@ornitologiacolombiana.com<\/a> <\/p><p><\/p><\/blockquote>\n\n\n\n<h5 class=\"wp-block-heading\" style=\"text-align:center\"><a href=\"https:\/\/asociacioncolombianadeornitologia.org\/vicongreso\/wp-content\/uploads\/2019\/08\/Curso-GLMM.pdf\">Click ac\u00e1 para m\u00e1s detalles<\/a><\/h5>\n\n\n\n<p><\/p>\n","protected":false},"excerpt":{"rendered":"<p>Flexibilidad y eficiencia en an\u00e1lisis de datos en ecolog\u00eda con \u00e9nfasis en ornitolog\u00eda: una introducci\u00f3n a los modelos (mixtos) multinivel en R Organizador\/Instructor: Carlos Esteban Lara. Ingeniero Forestal de la Universidad Nacional de Colombia. Magister en Bosques y Conservaci\u00f3n Ambiental de la Universidad Nacional de Colombia y Doctor en Zoolog\u00eda del Department of Zoology, University [&hellip;]<\/p>\n","protected":false},"author":1,"featured_media":0,"parent":0,"menu_order":0,"comment_status":"closed","ping_status":"closed","template":"","meta":{"footnotes":""},"yoast_head":"<!-- This site is optimized with the Yoast SEO plugin v21.5 - https:\/\/yoast.com\/wordpress\/plugins\/seo\/ -->\n<title>Flexibilidad y eficiencia en an\u00e1lisis de datos en ecolog\u00eda con \u00e9nfasis en ornitolog\u00eda: una introducci\u00f3n a los modelos (mixtos) multinivel en R - VI Congreso Colombiano de Ornitologia<\/title>\n<meta name=\"robots\" content=\"index, follow, max-snippet:-1, max-image-preview:large, max-video-preview:-1\" \/>\n<link rel=\"canonical\" href=\"https:\/\/asociacioncolombianadeornitologia.org\/vicongreso\/flexibilidad-y-eficiencia-en-analisis-de-datos-en-ecologia-con-enfasis-en-ornitologia-una-introduccion-a-los-modelos-mixtos-multinivel-en-r\/\" \/>\n<meta property=\"og:locale\" content=\"es_ES\" \/>\n<meta property=\"og:type\" content=\"article\" \/>\n<meta property=\"og:title\" content=\"Flexibilidad y eficiencia en an\u00e1lisis de datos en ecolog\u00eda con \u00e9nfasis en ornitolog\u00eda: una introducci\u00f3n a los modelos (mixtos) multinivel en R - VI Congreso Colombiano de Ornitologia\" \/>\n<meta property=\"og:description\" content=\"Flexibilidad y eficiencia en an\u00e1lisis de datos en ecolog\u00eda con \u00e9nfasis en ornitolog\u00eda: una introducci\u00f3n a los modelos (mixtos) multinivel en R Organizador\/Instructor: Carlos Esteban Lara. Ingeniero Forestal de la Universidad Nacional de Colombia. Magister en Bosques y Conservaci\u00f3n Ambiental de la Universidad Nacional de Colombia y Doctor en Zoolog\u00eda del Department of Zoology, University [&hellip;]\" \/>\n<meta property=\"og:url\" content=\"https:\/\/asociacioncolombianadeornitologia.org\/vicongreso\/flexibilidad-y-eficiencia-en-analisis-de-datos-en-ecologia-con-enfasis-en-ornitologia-una-introduccion-a-los-modelos-mixtos-multinivel-en-r\/\" \/>\n<meta property=\"og:site_name\" content=\"VI Congreso Colombiano de Ornitologia\" \/>\n<meta property=\"article:modified_time\" content=\"2019-08-28T02:06:29+00:00\" \/>\n<meta name=\"twitter:card\" content=\"summary_large_image\" \/>\n<meta name=\"twitter:label1\" content=\"Tiempo estimado de lectura\" \/>\n\t<meta name=\"twitter:data1\" content=\"5 minutos\" \/>\n<script type=\"application\/ld+json\" class=\"yoast-schema-graph\">{\"@context\":\"https:\/\/schema.org\",\"@graph\":[{\"@type\":\"WebPage\",\"@id\":\"https:\/\/asociacioncolombianadeornitologia.org\/vicongreso\/flexibilidad-y-eficiencia-en-analisis-de-datos-en-ecologia-con-enfasis-en-ornitologia-una-introduccion-a-los-modelos-mixtos-multinivel-en-r\/\",\"url\":\"https:\/\/asociacioncolombianadeornitologia.org\/vicongreso\/flexibilidad-y-eficiencia-en-analisis-de-datos-en-ecologia-con-enfasis-en-ornitologia-una-introduccion-a-los-modelos-mixtos-multinivel-en-r\/\",\"name\":\"Flexibilidad y eficiencia en an\u00e1lisis de datos en ecolog\u00eda con \u00e9nfasis en ornitolog\u00eda: una introducci\u00f3n a los modelos (mixtos) multinivel en R - VI Congreso Colombiano de Ornitologia\",\"isPartOf\":{\"@id\":\"https:\/\/asociacioncolombianadeornitologia.org\/vicongreso\/#website\"},\"datePublished\":\"2019-08-22T14:44:35+00:00\",\"dateModified\":\"2019-08-28T02:06:29+00:00\",\"breadcrumb\":{\"@id\":\"https:\/\/asociacioncolombianadeornitologia.org\/vicongreso\/flexibilidad-y-eficiencia-en-analisis-de-datos-en-ecologia-con-enfasis-en-ornitologia-una-introduccion-a-los-modelos-mixtos-multinivel-en-r\/#breadcrumb\"},\"inLanguage\":\"es-CO\",\"potentialAction\":[{\"@type\":\"ReadAction\",\"target\":[\"https:\/\/asociacioncolombianadeornitologia.org\/vicongreso\/flexibilidad-y-eficiencia-en-analisis-de-datos-en-ecologia-con-enfasis-en-ornitologia-una-introduccion-a-los-modelos-mixtos-multinivel-en-r\/\"]}]},{\"@type\":\"BreadcrumbList\",\"@id\":\"https:\/\/asociacioncolombianadeornitologia.org\/vicongreso\/flexibilidad-y-eficiencia-en-analisis-de-datos-en-ecologia-con-enfasis-en-ornitologia-una-introduccion-a-los-modelos-mixtos-multinivel-en-r\/#breadcrumb\",\"itemListElement\":[{\"@type\":\"ListItem\",\"position\":1,\"name\":\"Home\",\"item\":\"https:\/\/asociacioncolombianadeornitologia.org\/vicongreso\/\"},{\"@type\":\"ListItem\",\"position\":2,\"name\":\"Flexibilidad y eficiencia en an\u00e1lisis de datos en ecolog\u00eda con \u00e9nfasis en ornitolog\u00eda: una introducci\u00f3n a los modelos (mixtos) multinivel en R\"}]},{\"@type\":\"WebSite\",\"@id\":\"https:\/\/asociacioncolombianadeornitologia.org\/vicongreso\/#website\",\"url\":\"https:\/\/asociacioncolombianadeornitologia.org\/vicongreso\/\",\"name\":\"VI Congreso Colombiano de Ornitologia\",\"description\":\"Ibagu\u00e9, Tolima 22 al 25 de octubre de 2019\",\"publisher\":{\"@id\":\"https:\/\/asociacioncolombianadeornitologia.org\/vicongreso\/#organization\"},\"potentialAction\":[{\"@type\":\"SearchAction\",\"target\":{\"@type\":\"EntryPoint\",\"urlTemplate\":\"https:\/\/asociacioncolombianadeornitologia.org\/vicongreso\/?s={search_term_string}\"},\"query-input\":\"required name=search_term_string\"}],\"inLanguage\":\"es-CO\"},{\"@type\":\"Organization\",\"@id\":\"https:\/\/asociacioncolombianadeornitologia.org\/vicongreso\/#organization\",\"name\":\"VI Congreso Colombiano de Ornitologia\",\"url\":\"https:\/\/asociacioncolombianadeornitologia.org\/vicongreso\/\",\"logo\":{\"@type\":\"ImageObject\",\"inLanguage\":\"es-CO\",\"@id\":\"https:\/\/asociacioncolombianadeornitologia.org\/vicongreso\/#\/schema\/logo\/image\/\",\"url\":\"https:\/\/asociacioncolombianadeornitologia.org\/vicongreso\/wp-content\/uploads\/2019\/04\/logo_congreso_ornitologia_white.png\",\"contentUrl\":\"https:\/\/asociacioncolombianadeornitologia.org\/vicongreso\/wp-content\/uploads\/2019\/04\/logo_congreso_ornitologia_white.png\",\"width\":500,\"height\":134,\"caption\":\"VI Congreso Colombiano de Ornitologia\"},\"image\":{\"@id\":\"https:\/\/asociacioncolombianadeornitologia.org\/vicongreso\/#\/schema\/logo\/image\/\"}}]}<\/script>\n<!-- \/ Yoast SEO plugin. -->","yoast_head_json":{"title":"Flexibilidad y eficiencia en an\u00e1lisis de datos en ecolog\u00eda con \u00e9nfasis en ornitolog\u00eda: una introducci\u00f3n a los modelos (mixtos) multinivel en R - VI Congreso Colombiano de Ornitologia","robots":{"index":"index","follow":"follow","max-snippet":"max-snippet:-1","max-image-preview":"max-image-preview:large","max-video-preview":"max-video-preview:-1"},"canonical":"https:\/\/asociacioncolombianadeornitologia.org\/vicongreso\/flexibilidad-y-eficiencia-en-analisis-de-datos-en-ecologia-con-enfasis-en-ornitologia-una-introduccion-a-los-modelos-mixtos-multinivel-en-r\/","og_locale":"es_ES","og_type":"article","og_title":"Flexibilidad y eficiencia en an\u00e1lisis de datos en ecolog\u00eda con \u00e9nfasis en ornitolog\u00eda: una introducci\u00f3n a los modelos (mixtos) multinivel en R - VI Congreso Colombiano de Ornitologia","og_description":"Flexibilidad y eficiencia en an\u00e1lisis de datos en ecolog\u00eda con \u00e9nfasis en ornitolog\u00eda: una introducci\u00f3n a los modelos (mixtos) multinivel en R Organizador\/Instructor: Carlos Esteban Lara. Ingeniero Forestal de la Universidad Nacional de Colombia. Magister en Bosques y Conservaci\u00f3n Ambiental de la Universidad Nacional de Colombia y Doctor en Zoolog\u00eda del Department of Zoology, University [&hellip;]","og_url":"https:\/\/asociacioncolombianadeornitologia.org\/vicongreso\/flexibilidad-y-eficiencia-en-analisis-de-datos-en-ecologia-con-enfasis-en-ornitologia-una-introduccion-a-los-modelos-mixtos-multinivel-en-r\/","og_site_name":"VI Congreso Colombiano de Ornitologia","article_modified_time":"2019-08-28T02:06:29+00:00","twitter_card":"summary_large_image","twitter_misc":{"Tiempo estimado de lectura":"5 minutos"},"schema":{"@context":"https:\/\/schema.org","@graph":[{"@type":"WebPage","@id":"https:\/\/asociacioncolombianadeornitologia.org\/vicongreso\/flexibilidad-y-eficiencia-en-analisis-de-datos-en-ecologia-con-enfasis-en-ornitologia-una-introduccion-a-los-modelos-mixtos-multinivel-en-r\/","url":"https:\/\/asociacioncolombianadeornitologia.org\/vicongreso\/flexibilidad-y-eficiencia-en-analisis-de-datos-en-ecologia-con-enfasis-en-ornitologia-una-introduccion-a-los-modelos-mixtos-multinivel-en-r\/","name":"Flexibilidad y eficiencia en an\u00e1lisis de datos en ecolog\u00eda con \u00e9nfasis en ornitolog\u00eda: una introducci\u00f3n a los modelos (mixtos) multinivel en R - VI Congreso Colombiano de Ornitologia","isPartOf":{"@id":"https:\/\/asociacioncolombianadeornitologia.org\/vicongreso\/#website"},"datePublished":"2019-08-22T14:44:35+00:00","dateModified":"2019-08-28T02:06:29+00:00","breadcrumb":{"@id":"https:\/\/asociacioncolombianadeornitologia.org\/vicongreso\/flexibilidad-y-eficiencia-en-analisis-de-datos-en-ecologia-con-enfasis-en-ornitologia-una-introduccion-a-los-modelos-mixtos-multinivel-en-r\/#breadcrumb"},"inLanguage":"es-CO","potentialAction":[{"@type":"ReadAction","target":["https:\/\/asociacioncolombianadeornitologia.org\/vicongreso\/flexibilidad-y-eficiencia-en-analisis-de-datos-en-ecologia-con-enfasis-en-ornitologia-una-introduccion-a-los-modelos-mixtos-multinivel-en-r\/"]}]},{"@type":"BreadcrumbList","@id":"https:\/\/asociacioncolombianadeornitologia.org\/vicongreso\/flexibilidad-y-eficiencia-en-analisis-de-datos-en-ecologia-con-enfasis-en-ornitologia-una-introduccion-a-los-modelos-mixtos-multinivel-en-r\/#breadcrumb","itemListElement":[{"@type":"ListItem","position":1,"name":"Home","item":"https:\/\/asociacioncolombianadeornitologia.org\/vicongreso\/"},{"@type":"ListItem","position":2,"name":"Flexibilidad y eficiencia en an\u00e1lisis de datos en ecolog\u00eda con \u00e9nfasis en ornitolog\u00eda: una introducci\u00f3n a los modelos (mixtos) multinivel en R"}]},{"@type":"WebSite","@id":"https:\/\/asociacioncolombianadeornitologia.org\/vicongreso\/#website","url":"https:\/\/asociacioncolombianadeornitologia.org\/vicongreso\/","name":"VI Congreso Colombiano de Ornitologia","description":"Ibagu\u00e9, Tolima 22 al 25 de octubre de 2019","publisher":{"@id":"https:\/\/asociacioncolombianadeornitologia.org\/vicongreso\/#organization"},"potentialAction":[{"@type":"SearchAction","target":{"@type":"EntryPoint","urlTemplate":"https:\/\/asociacioncolombianadeornitologia.org\/vicongreso\/?s={search_term_string}"},"query-input":"required name=search_term_string"}],"inLanguage":"es-CO"},{"@type":"Organization","@id":"https:\/\/asociacioncolombianadeornitologia.org\/vicongreso\/#organization","name":"VI Congreso Colombiano de Ornitologia","url":"https:\/\/asociacioncolombianadeornitologia.org\/vicongreso\/","logo":{"@type":"ImageObject","inLanguage":"es-CO","@id":"https:\/\/asociacioncolombianadeornitologia.org\/vicongreso\/#\/schema\/logo\/image\/","url":"https:\/\/asociacioncolombianadeornitologia.org\/vicongreso\/wp-content\/uploads\/2019\/04\/logo_congreso_ornitologia_white.png","contentUrl":"https:\/\/asociacioncolombianadeornitologia.org\/vicongreso\/wp-content\/uploads\/2019\/04\/logo_congreso_ornitologia_white.png","width":500,"height":134,"caption":"VI Congreso Colombiano de Ornitologia"},"image":{"@id":"https:\/\/asociacioncolombianadeornitologia.org\/vicongreso\/#\/schema\/logo\/image\/"}}]}},"_links":{"self":[{"href":"https:\/\/asociacioncolombianadeornitologia.org\/vicongreso\/wp-json\/wp\/v2\/pages\/370"}],"collection":[{"href":"https:\/\/asociacioncolombianadeornitologia.org\/vicongreso\/wp-json\/wp\/v2\/pages"}],"about":[{"href":"https:\/\/asociacioncolombianadeornitologia.org\/vicongreso\/wp-json\/wp\/v2\/types\/page"}],"author":[{"embeddable":true,"href":"https:\/\/asociacioncolombianadeornitologia.org\/vicongreso\/wp-json\/wp\/v2\/users\/1"}],"replies":[{"embeddable":true,"href":"https:\/\/asociacioncolombianadeornitologia.org\/vicongreso\/wp-json\/wp\/v2\/comments?post=370"}],"version-history":[{"count":10,"href":"https:\/\/asociacioncolombianadeornitologia.org\/vicongreso\/wp-json\/wp\/v2\/pages\/370\/revisions"}],"predecessor-version":[{"id":414,"href":"https:\/\/asociacioncolombianadeornitologia.org\/vicongreso\/wp-json\/wp\/v2\/pages\/370\/revisions\/414"}],"wp:attachment":[{"href":"https:\/\/asociacioncolombianadeornitologia.org\/vicongreso\/wp-json\/wp\/v2\/media?parent=370"}],"curies":[{"name":"wp","href":"https:\/\/api.w.org\/{rel}","templated":true}]}}