{"id":257,"date":"2016-08-09T09:23:18","date_gmt":"2016-08-09T14:23:18","guid":{"rendered":"http:\/\/asociacioncolombianadeornitologia.org\/vcongreso\/?page_id=257"},"modified":"2016-09-09T17:41:20","modified_gmt":"2016-09-09T22:41:20","slug":"chad-wilsey","status":"publish","type":"page","link":"http:\/\/asociacioncolombianadeornitologia.org\/vcongreso\/chad-wilsey\/","title":{"rendered":"Dr. Chad Wilsey"},"content":{"rendered":"<p><img loading=\"lazy\" decoding=\"async\" class=\"alignleft  wp-image-249\" src=\"http:\/\/asociacioncolombianadeornitologia.org\/vcongreso\/wp-content\/uploads\/2016\/09\/ChadWv.jpg\" alt=\"dr-gary-langham\" width=\"251\" height=\"212\" \/>Chad es ec\u00f3logo y ornit\u00f3logo con una maestr\u00eda en Biolog\u00eda de la Conservaci\u00f3n y Desarrollo sostenible de la Universidad de Wisconsin-Madison, y un doctorado en Ecolog\u00eda del Paisaje de la Universidad de Washington. Chad est\u00e1 interesado en los impactos del desarrollo econ\u00f3mico y el cambio clim\u00e1tico en las poblaciones de aves y vida silvestre. Realiza investigaciones con datos espaciales y herramientas de an\u00e1lisis, como sensores y modelos. Chad ha contribu\u00eddo con investigaciones sobre cambio clim\u00e1tico, aves de humedales y pastizales, as\u00ed como de especies amenazadas. Su experiencia en campo incluye la realizaci\u00f3n de censos de vida silvestre para proyectos de desarrollo energ\u00e9tico en Wyoming, censos de aves e insectos en plantaciones de cacao en Costa Rica, anillamiento de aves en Nuevo Mexico y el monitoreo de nidos de guacamayas en Per\u00fa. Como Director del Equipo de Ciencia de la Conservaci\u00f3n en Audubon, Chad provee soporte cient\u00edfico a las grandes iniciativas de conservaci\u00f3n formando equipos entre el staff de Audubon y sus socios para realizar an\u00e1lisis que soporten su misi\u00f3n de conservaci\u00f3n.<\/p>\n","protected":false},"excerpt":{"rendered":"<p>Chad es ec\u00f3logo y ornit\u00f3logo con una maestr\u00eda en Biolog\u00eda de la Conservaci\u00f3n y Desarrollo sostenible de la Universidad de Wisconsin-Madison, y un doctorado en Ecolog\u00eda del Paisaje de la Universidad de Washington. Chad est\u00e1 interesado en los impactos del desarrollo econ\u00f3mico y el cambio clim\u00e1tico en las poblaciones de aves y vida silvestre. Realiza [&hellip;]<\/p>\n","protected":false},"author":1,"featured_media":0,"parent":0,"menu_order":0,"comment_status":"closed","ping_status":"closed","template":"","meta":{"footnotes":""},"_links":{"self":[{"href":"http:\/\/asociacioncolombianadeornitologia.org\/vcongreso\/wp-json\/wp\/v2\/pages\/257"}],"collection":[{"href":"http:\/\/asociacioncolombianadeornitologia.org\/vcongreso\/wp-json\/wp\/v2\/pages"}],"about":[{"href":"http:\/\/asociacioncolombianadeornitologia.org\/vcongreso\/wp-json\/wp\/v2\/types\/page"}],"author":[{"embeddable":true,"href":"http:\/\/asociacioncolombianadeornitologia.org\/vcongreso\/wp-json\/wp\/v2\/users\/1"}],"replies":[{"embeddable":true,"href":"http:\/\/asociacioncolombianadeornitologia.org\/vcongreso\/wp-json\/wp\/v2\/comments?post=257"}],"version-history":[{"count":4,"href":"http:\/\/asociacioncolombianadeornitologia.org\/vcongreso\/wp-json\/wp\/v2\/pages\/257\/revisions"}],"predecessor-version":[{"id":316,"href":"http:\/\/asociacioncolombianadeornitologia.org\/vcongreso\/wp-json\/wp\/v2\/pages\/257\/revisions\/316"}],"wp:attachment":[{"href":"http:\/\/asociacioncolombianadeornitologia.org\/vcongreso\/wp-json\/wp\/v2\/media?parent=257"}],"curies":[{"name":"wp","href":"https:\/\/api.w.org\/{rel}","templated":true}]}}