{"id":254,"date":"2016-08-09T09:21:26","date_gmt":"2016-08-09T14:21:26","guid":{"rendered":"http:\/\/asociacioncolombianadeornitologia.org\/vcongreso\/?page_id=254"},"modified":"2016-08-09T09:25:31","modified_gmt":"2016-08-09T14:25:31","slug":"amanda-rodewald","status":"publish","type":"page","link":"http:\/\/asociacioncolombianadeornitologia.org\/vcongreso\/amanda-rodewald\/","title":{"rendered":"Dra. Amanda Rodewald"},"content":{"rendered":"<p><img loading=\"lazy\" decoding=\"async\" src=\"http:\/\/asociacioncolombianadeornitologia.org\/vcongreso\/wp-content\/uploads\/2016\/02\/dr-amanda-rodewald.jpg\" alt=\"dr-amanda-rodewald\" width=\"200\" height=\"227\" class=\"alignleft size-full wp-image-248\" \/><br \/>\nAmanda es profesora del Departamento de Recursos Naturales de la Universidad de Cornell, y directora de Ciencias de la Conservaci\u00f3n en el Laboratorio Cornell de Ornitolog\u00eda. Su programa de investigaci\u00f3n busca entender los mecanismos en cuanto a comportamiento y demograf\u00eda que gu\u00edan en escalas poblacionales, de comunidades y de paisaje la respuesta de las aves al cambio de uso de suelo y actividades humanas en el este de Estados Unidos y Latinoam\u00e9rica. Ella integra estrechamente su investigaci\u00f3n con esfuerzos de divulgaci\u00f3n para informar en pol\u00edtica y manejo, y por esto, regularmente interact\u00faa durante su gesti\u00f3n con agencias gubernamentales, organizaciones de conservaci\u00f3n y el sector privado. A lo largo de sus actividades de liderazgo, ha servido en el consejo asesor de ciencia de la agencia de protecci\u00f3n ambiental de los Estados Unidos (US EPA, por sus siglas en ingl\u00e9s).<\/p>\n<p>Amanda trabaja para generar, aplicar y comunicar ciencia en v\u00edas que apoyen el entendimiento de ecolog\u00eda y tambi\u00e9n den soporte a conservaci\u00f3n. En sentido amplio, su programa de investigaci\u00f3n busca entender c\u00f3mo las actividades humanas influencian los sistemas ecol\u00f3gicos y los servicios que ellos proveen. Debido a que ella y sus estudiantes trabajan con miras al desarrollo de entendimiento mecan\u00edstico de  esas influencias, su trabajo cruza escalas espaciales (desde microhabitats hasta paisajes), en m\u00faltiples niveles de organizaci\u00f3n biol\u00f3gica (i.e. individuo, poblaci\u00f3n, comunidades) y dentro de esquemas experimentales y observacionales. Como tal, su investigaci\u00f3n incluye una variedad de subdisciplinas, incluyendo biolog\u00eda de la conservaci\u00f3n, ecolog\u00eda de paisajes, ecolog\u00eda de comunidades, demograf\u00eda poblacional, ecolog\u00eda del comportamiento y ecolog\u00eda de restauraci\u00f3n.  La mayor\u00eda de sus proyectos actuales se enfocan en entender c\u00f3mo el cambio de uso de suelo, las practicas agroforestales y las especies invasivas afectan (1) interacciones de especies, incluyendo din\u00e1micas de predador-presa y redes tr\u00f3ficas, (2) demograf\u00eda poblacional y ecolog\u00eda comportamental de aves de bosque, (3) patrones de distribuci\u00f3n de aves y diversidad a escala de paisaje, y (4) selecci\u00f3n de ambientes por atributos comportamentales y morfol\u00f3gicos. La mayor\u00eda de su actual investigaci\u00f3n se enfoca en bosques montanos en Centro y Sur Am\u00e9rica, incluyendo Colombia, donde ha trabajado desde 2008.  <\/p>\n","protected":false},"excerpt":{"rendered":"<p>Amanda es profesora del Departamento de Recursos Naturales de la Universidad de Cornell, y directora de Ciencias de la Conservaci\u00f3n en el Laboratorio Cornell de Ornitolog\u00eda. Su programa de investigaci\u00f3n busca entender los mecanismos en cuanto a comportamiento y demograf\u00eda que gu\u00edan en escalas poblacionales, de comunidades y de paisaje la respuesta de las aves [&hellip;]<\/p>\n","protected":false},"author":1,"featured_media":0,"parent":0,"menu_order":0,"comment_status":"closed","ping_status":"closed","template":"","meta":{"footnotes":""},"_links":{"self":[{"href":"http:\/\/asociacioncolombianadeornitologia.org\/vcongreso\/wp-json\/wp\/v2\/pages\/254"}],"collection":[{"href":"http:\/\/asociacioncolombianadeornitologia.org\/vcongreso\/wp-json\/wp\/v2\/pages"}],"about":[{"href":"http:\/\/asociacioncolombianadeornitologia.org\/vcongreso\/wp-json\/wp\/v2\/types\/page"}],"author":[{"embeddable":true,"href":"http:\/\/asociacioncolombianadeornitologia.org\/vcongreso\/wp-json\/wp\/v2\/users\/1"}],"replies":[{"embeddable":true,"href":"http:\/\/asociacioncolombianadeornitologia.org\/vcongreso\/wp-json\/wp\/v2\/comments?post=254"}],"version-history":[{"count":4,"href":"http:\/\/asociacioncolombianadeornitologia.org\/vcongreso\/wp-json\/wp\/v2\/pages\/254\/revisions"}],"predecessor-version":[{"id":279,"href":"http:\/\/asociacioncolombianadeornitologia.org\/vcongreso\/wp-json\/wp\/v2\/pages\/254\/revisions\/279"}],"wp:attachment":[{"href":"http:\/\/asociacioncolombianadeornitologia.org\/vcongreso\/wp-json\/wp\/v2\/media?parent=254"}],"curies":[{"name":"wp","href":"https:\/\/api.w.org\/{rel}","templated":true}]}}