{"id":237,"date":"2016-08-05T10:53:25","date_gmt":"2016-08-05T15:53:25","guid":{"rendered":"http:\/\/asociacioncolombianadeornitologia.org\/vcongreso\/?page_id=237"},"modified":"2016-08-05T10:54:20","modified_gmt":"2016-08-05T15:54:20","slug":"fijacion-de-transmisores-gps","status":"publish","type":"page","link":"http:\/\/asociacioncolombianadeornitologia.org\/vcongreso\/fijacion-de-transmisores-gps\/","title":{"rendered":"Fijaci\u00f3n de transmisores GPS"},"content":{"rendered":"<p><strong>Introducci\u00f3n:\u00a0<\/strong><\/p>\n<p>Durante los \u00faltimos a\u00f1os el uso de equipos tecnol\u00f3gicos en estudios de aves silvestres ha permitido\u00a0tener importantes avances en el conocimiento de diferentes aspectos de su biolog\u00eda y proponer\u00a0medidas de conservaci\u00f3n. La telemetr\u00eda es una de estas tecnolog\u00edas que permite la medici\u00f3n remota\u00a0de magnitudes f\u00edsicas y el posterior env\u00edo de la informaci\u00f3n hacia el operador del sistema. En el caso\u00a0de la telemetr\u00eda GPS, la medida b\u00e1sica a tomar se da a partir de coordenadas estimadas teniendo en\u00a0cuenta la ubicaci\u00f3n de hasta 24 sat\u00e9lites en la \u00f3rbita de la tierra.<\/p>\n<p>Parte importante del uso de transmisores de telemetr\u00eda en modelos biol\u00f3gicos es su correcta fijaci\u00f3n,\u00a0con el fin de que los datos obtenidos sean de calidad y en ning\u00fan momento afecten la salud de los\u00a0individuos monitoreados. Datos como altura, temperatura y brillo solar, tambi\u00e9n pueden ser\u00a0integrados en transmisores de GPS. Los datos obtenidos con dichos equipos permiten realizar an\u00e1lisis\u00a0de uso de h\u00e1bitat, rango de acci\u00f3n, requerimientos de h\u00e1bitat, modelado nicho ecol\u00f3gico, probabilidad\u00a0de usar o permanecer en un \u00e1rea, entre otros. Para esto, es necesario conocer algunas herramientas\u00a0b\u00e1sicas del manejo de software de Sistemas de Informaci\u00f3n Geogr\u00e1fica (SIG), as\u00ed como la\u00a0informaci\u00f3n generada por diferentes instituciones que puede ser articulada a los datos obtenidos.<\/p>\n<p><strong>Objetivo:\u00a0<\/strong><\/p>\n<p>El objetivo del curso es generar capacidades en la comunidad cient\u00edfica, del pa\u00eds, para la\u00a0planificaci\u00f3n, el manejo, correcta fijaci\u00f3n de transmisores GPS en aves y uso de los datos adquiridos\u00a0por medio de dicha tecnolog\u00eda. Por lo que se espera, promover estudios de este tipo en diferentes\u00a0especies de aves, contribuyendo de esta manera a generar nuevo conocimiento que sirva de insumo\u00a0para el uso y conservaci\u00f3n de los recursos naturales de manera sostenible. Consideramos que el\u00a0p\u00fablico objetivo son estudiantes de pregrado y postgrado, t\u00e9cnicos en tem\u00e1ticas ambientales, docentesde universidades, funcionarios de entidades p\u00fablicas y privadas que trabajen en temas ambientales\u00a0y\/o personas o l\u00edderes ambientales que tengan alguna vinculaci\u00f3n con la conservaci\u00f3n de especies de\u00a0aves.<\/p>\n<p><strong>Contenido estimado:\u00a0<\/strong><\/p>\n<p>8:00-9:00: Presentaci\u00f3n de los participantes<br \/>\n9:00-10:00: Introducci\u00f3n a m\u00e9todos, t\u00e9cnicas, experiencias de marcaje.<br \/>\n10:00-10:30: Break (libre)<br \/>\n10:30-11:00: Instrucciones para elaborar diferentes dise\u00f1os de harness.<br \/>\n11:00-12:00: Actividad practica de elaboraci\u00f3n y montaje de arneses.<br \/>\n12:00-14:00: Almuerzo (libre)<br \/>\n14:00-15:00: Presentaci\u00f3n de resultados de la actividad pr\u00e1ctica y observaciones para mejorar.<br \/>\n15:00-15:30: Introducci\u00f3n a los m\u00e9todos y t\u00e9cnicas de an\u00e1lisis de datos.<br \/>\n15:30-16:30: Procesamiento y an\u00e1lisis de datos para evaluar rango de acci\u00f3n y uso de h\u00e1bitat.<br \/>\n16:30-17:00: Conclusiones de la actividad<\/p>\n<p><strong>Responsables:\u00a0<\/strong><\/p>\n<p>Santiago Zuluaga Casta\u00f1eda, Bi\u00f3logo, MSc (c) Teledetecci\u00f3n.<br \/>\nEdgar Pati\u00f1o, Bi\u00f3logo Marino.<\/p>\n","protected":false},"excerpt":{"rendered":"<p>Introducci\u00f3n:\u00a0 Durante los \u00faltimos a\u00f1os el uso de equipos tecnol\u00f3gicos en estudios de aves silvestres ha permitido\u00a0tener importantes avances en el conocimiento de diferentes aspectos de su biolog\u00eda y proponer\u00a0medidas de conservaci\u00f3n. La telemetr\u00eda es una de estas tecnolog\u00edas que permite la medici\u00f3n remota\u00a0de magnitudes f\u00edsicas y el posterior env\u00edo de la informaci\u00f3n hacia el [&hellip;]<\/p>\n","protected":false},"author":2,"featured_media":0,"parent":0,"menu_order":0,"comment_status":"closed","ping_status":"closed","template":"","meta":{"footnotes":""},"_links":{"self":[{"href":"http:\/\/asociacioncolombianadeornitologia.org\/vcongreso\/wp-json\/wp\/v2\/pages\/237"}],"collection":[{"href":"http:\/\/asociacioncolombianadeornitologia.org\/vcongreso\/wp-json\/wp\/v2\/pages"}],"about":[{"href":"http:\/\/asociacioncolombianadeornitologia.org\/vcongreso\/wp-json\/wp\/v2\/types\/page"}],"author":[{"embeddable":true,"href":"http:\/\/asociacioncolombianadeornitologia.org\/vcongreso\/wp-json\/wp\/v2\/users\/2"}],"replies":[{"embeddable":true,"href":"http:\/\/asociacioncolombianadeornitologia.org\/vcongreso\/wp-json\/wp\/v2\/comments?post=237"}],"version-history":[{"count":2,"href":"http:\/\/asociacioncolombianadeornitologia.org\/vcongreso\/wp-json\/wp\/v2\/pages\/237\/revisions"}],"predecessor-version":[{"id":239,"href":"http:\/\/asociacioncolombianadeornitologia.org\/vcongreso\/wp-json\/wp\/v2\/pages\/237\/revisions\/239"}],"wp:attachment":[{"href":"http:\/\/asociacioncolombianadeornitologia.org\/vcongreso\/wp-json\/wp\/v2\/media?parent=237"}],"curies":[{"name":"wp","href":"https:\/\/api.w.org\/{rel}","templated":true}]}}